-54
Let u(v) = 5*v**2 + 208*v - 393. Calculate u(-44).
135
Let v(q) = 8*q**2 - 353*q - 358. Give v(46).
332
Let g(k) = -29*k**2 + 1274*k + 308. Determine g(45).
-1087
Let r(u) = 810*u - 7977. Calculate r(10).
123
Let n(r) = -r**2 + 1404*r + 65212. Determine n(-45).
7
Let g(s) = -s**3 + 384*s**2 + 2103*s + 823. Give g(-5).
33
Let j(s) = -11*s**3 + 760*s**2 - 6514*s + 26. What is j(10)?
-114
Let t(n) = -11*n**2 - 1442*n + 4199. Calculate t(-134).
-89
Let v(p) = 281*p**2 - 3940*p - 14238. Determine v(17).
-9
Let l(c) = -1579015*c - 3158019. Give l(-2).
11
Let w(r) = 6*r**2 - 91*r + 86. Determine w(25).
1561
Let v(j) = 3*j**2 - 744*j + 29254. What is v(199)?
1
Let m(a) = 72*a - 2456. What is m(31)?
-224
Let g(d) = -1607*d + 10616. Give g(7).
-633
Let u(j) = 41495*j + 13236899. Give u(-319).
-6
Let y(v) = v**3 - 72*v**2 - 1648*v - 453. What is y(-18)?
51
Let m(a) = -3*a**3 - 17*a**2 + 1106*a - 2630. Give m(15).
10
Let r(o) = 7*o**3 - 149*o**2 - 116*o + 145. Determine r(22).
13
Let j(m) = m**3 - 106*m**2 + 108*m - 702. What is j(105)?
-387
Let n(b) = -b**3 + 110*b**2 + 547*b + 3232. What is n(115)?
12
Let o(v) = v**3 + 105*v**2 - 22727*v - 9110. Determine o(-212).
6
Let x(a) = 160*a - 131. Determine x(-4).
-771
Let v(y) = 271*y**2 - 7530*y + 5771. Calculate v(27).
20
Let a(b) = -2*b**3 - 49*b**2 - 178*b + 747. Determine a(-22).
2243
Let x(l) = -2362*l + 10052. Give x(6).
-4120
Let v(u) = -2*u**3 + 28*u**2 - 503*u + 7048. Calculate v(14).
6
Let k(a) = -a**3 + 321*a**2 - 2183*a - 95. Determine k(7).
10
Let y(k) = k**2 - 11987*k + 83810. What is y(7)?
-50
Let f(l) = -l**3 + 113*l**2 + 650*l + 7614. Calculate f(119).
-2
Let r(g) = -1106*g - 660. Determine r(-1).
446
Let o(a) = 3*a**2 + 11793*a - 59018. Calculate o(5).
22
Let n(o) = -20*o**3 + 2*o**2 + 18045*o + 36087. Give n(-2).
165
Let t(c) = -c**3 - 39*c**2 - 353*c - 285. Calculate t(-13).
-90
Let y(r) = -3*r**3 - 73*r**2 - 34*r + 108. Calculate y(1).
-2
Let w(s) = -s**3 - 535*s**2 + 3260*s + 7523. Calculate w(-541).
-51
Let m(b) = 3064*b + 12271. Determine m(-4).
15
Let p(t) = 5*t**3 + 1223*t**2 - 511*t - 5146. Calculate p(-245).
-1
Let j(h) = -h**2 + 18*h + 364. Give j(-16).
-180
Let u(r) = -r**3 - 126*r**2 + 109*r - 2331. Determine u(-127).
-45
Let s(g) = 2282*g + 70736. Determine s(-31).
-6
Let z(b) = 4043*b + 5. Give z(0).
5
Let n(w) = 145*w - 14523. Calculate n(103).
412
Let y(l) = -2*l**3 + 17*l**2 - 185*l + 321. Determine y(2).
3
Let c(i) = -i**3 + 29*i**2 - 237*i + 178. Calculate c(9).
-335
Let l(s) = 7*s**2 - 186*s + 77. Give l(7).
-882
Let j(y) = 62*y - 597. Determine j(10).
23
Let v(u) = -u**2 + 128*u - 922. Determine v(10).
258
Let m(b) = -b**3 + 6*b**2 + 1346*b + 582. Determine m(40).
22
Let r(a) = 228*a - 29801. What is r(129)?
-389
Let f(y) = -2*y**2 + 168*y - 1086. Give f(7).
-8
Let n(i) = 2*i**3 - 124*i**2 + 685*i - 728. Calculate n(56).
0
Let v(k) = 1767*k - 496725. Calculate v(281).
-198
Let u(j) = j**3 - 13*j**2 - 342*j + 4287. What is u(19)?
-45
Let s(i) = -i**3 - 9*i**2 - 128*i - 1350. Calculate s(-12).
618
Let h(a) = a**2 - 6254*a - 10670360. What is h(-1395)?
-5
Let s(n) = 2*n**2 + 4526*n + 40650. Calculate s(-9).
78
Let c(l) = 10*l**3 + 17*l**2 - 201*l - 460. Give c(-2).
-70
Let g(t) = -41*t - 335. Calculate g(1).
-376
Let x(w) = w**3 + w**2 - 23*w + 416. Calculate x(0).
416
Let w(g) = 39829*g + 12. What is w(0)?
12
Let g(k) = -k**3 + 7*k**2 - 421*k + 2492. Calculate g(6).
2
Let b(g) = -2*g**3 + 328*g**2 - 6258*g + 1410. Determine b(142).
-10
Let u(t) = 239*t - 2075. What is u(10)?
315
Let d(u) = 15*u**2 + u + 223. Determine d(-7).
951
Let u(g) = 4060*g + 1473797. Give u(-363).
17
Let n(y) = 4508*y + 31613. What is n(-7)?
57
Let b(f) = -2*f**3 + 131*f**2 - 2092*f + 73. What is b(38)?
-3
Let x(p) = -43*p**2 - 8169*p + 160. What is x(-190)?
-30
Let u(s) = 2*s**3 - 25*s**2 + 80*s - 211. Calculate u(13).
998
Let a(f) = -16*f**3 + 7*f**2 - 72*f + 156. Give a(3).
-429
Let i(m) = 29*m**3 - 2222*m**2 - 846*m + 47. Determine i(77).
124
Let f(b) = b**2 + 930*b + 152086. Calculate f(-212).
-130
Let f(v) = 514*v - 3298. Give f(6).
-214
Let w(a) = 4*a**3 - 6*a**2 + 27*a - 26. What is w(6)?
784
Let h(y) = -y**2 - 105*y - 2342. Determine h(-67).
204
Let w(n) = -n**2 + 287096*n - 3157935. Calculate w(11).
0
Let w(o) = -6*o**2 - 12693*o + 30. Calculate w(0).
30
Let d(o) = -o**3 - 27*o**2 - 800*o - 21668. Determine d(-27).
-68
Let w(f) = -16*f**3 - f**2 + 95*f - 296. Determine w(3).
-452
Let q(m) = -6595*m + 59033. What is q(9)?
-322
Let b(t) = 81*t + 3161. What is b(-45)?
-484
Let h(i) = 1016*i + 48630. Give h(-46).
1894
Let c(v) = -56961*v + 341848. Determine c(6).
82
Let r(y) = -548462*y + 2193868. Calculate r(4).
20
Let q(r) = -138513*r - 5125008. Give q(-37).
-27
Let r(b) = -1630208*b + 9781251. Calculate r(6).
3
Let s(d) = -d**2 + 22*d + 1008. What is s(-31)?
-635
Let i(o) = o**2 + 123*o + 4828. Give i(-39).
1552
Let y(p) = 21491*p - 924088. Give y(43).
25
Let v(d) = -d**2 - 15*d + 15568. Calculate v(115).
618
Let w(z) = -16*z**3 + 4269*z**2 + 514*z + 76632. What is w(267)?
3
Let x(z) = z**3 + 21028*z**2 - 63095*z + 6. Give x(3).
0
Let p(y) = -9*y**2 + 572*y - 3805. Calculate p(56).
3
Let c(w) = 73384*w + 513663. What is c(-7)?
-25
Let v(j) = -j**3 + 209*j**2 + 646*j - 135130. What is v(209)?
-116
Let w(h) = -3*h**3 - 87*h**2 - 488*h + 337. Give w(-21).
1
Let y(w) = -448*w - 2195. Give y(-5).
45
Let w(p) = -p**3 - 208*p**2 - 811*p + 1023. Calculate w(-204).
3
Let i(k) = -62*k**2 + 37703*k - 4252. Give i(608).
4
Let j(c) = 2*c**2 - 443*c + 2361. Give j(227).
4858
Let h(g) = -292*g - 8484. Determine h(-33).
1152
Let i(u) = 424*u + 19706. Calculate i(-49).
-1070
Let x(p) = 428136*p + 856267. What is x(-2)?
-5
Let w(a) = a**3 - 419*a**2 + 1946*a + 620. Determine w(5).
0
Let b(m) = -m**3 + 63*m**2 + 105*m + 550. Determine b(65).
-1075
Let w(b) = -2*b**2 - 317*b + 10319. What is w(-187)?
-340
Let v(i) = -23*i**2 - 766*i - 5425. Give v(-10).
-65
Let c(r) = -120358*r + 88944562. Give c(739).
0
Let z(w) = -662*w - 22170. Give z(-34).
338
Let u(n) = n**3 + 17*n**2 + 6372*n + 121797. What is u(-19)?
7
Let o(r) = -426*r**2 - 39628*r - 734. Determine o(-93).
196
Let f(m) = -2090*m - 5050. What is f(-2)?
-870
Let a(y) = -4*y**2 + 105*y - 437. Determine a(36).
-1841
Let r(h) = 21259*h - 765289. Calculate r(36).
35
Let c(h) = -555*h + 68694. Determine c(125).
-681
Let p(y) = -14*y**3 - 1467*y**2 + 316*y + 242. Calculate p(-105).
137
Let h(y) = -9*y**2 - 743*y - 1985. Determine h(-82).
-1575
Let v(d) = 2248*d + 1009. Calculate v(1).
3257
Let d(g) = -2*g**3 - 206*g**2 - 571*g + 352. Calculate d(-100).
-2548
Let j(y) = 3478*y + 33. Determine j(0).
33
Let h(x) = -139*x - 6367. What is h(-57)?
1556
Let o(t) = 13*t**2 + 8801*t + 60967. Calculate o(-7).
-3
Let d(u) = -u**3 - u**2 - 15*u + 210. Calculate d(8).
-486
Let h(s) = -3*s**2 + 815*s - 17620. Calculate h(248).
-12
Let c(o) = 81*o**2 + 3079*o + 279. What is c(-38)?
241
Let o(m) = 3*m**3 + 117*m**2 + 964*m + 41. Calculate o(-27).
257
Let i(d) = d**2 + 5401*d - 27044. What is i(5)?
-14
Let f(g) = -g**3 + 14*g**2 - 14*g - 240. Give f(7).
5
Let d(f) = 4987*f + 254330. What is d(-51)?
-7
Let m(k) = -k**2 - 10136*k + 910030. Calculate m(89).
5
Let f(o) = 2051*o**2 + 678881*o + 6. What is f(-331)?
6
Let a(f) = -186*f**3 + 68*f**2 - 227*f + 60. Calculate a(3).
-5031
Let s(h) = 25*h**3 - 382*h**2 + 82*h - 134. Determine s(15).
-479
Let h(o) = -o**3 - 153*o**2 - 3213*o + 11309. Calculate h(-127).
6
Let u(o) = -1651*o - 4988. What is u(-2)?
-1686
Let c(r) = -r**2 - 94567*r + 567435. Determine c(6).
-3
Let d(l) = l**3 + 19*l**2 + 68*l - 40. Calculate d(-7).
72
Let m(a) = -6*a**2 - 6420*a - 939743. Give m(-175).
7
Let b(h) = h**3 - 34*h**2 + 3*h + 695. Determine b(33).
-295
Let z(b) = 514372*b - 33948558. Calculate z(66).
-6
Let c(x) = -x**3 + 40*x**2 - 277*x + 17545. Give c(43).
87
Let h(u) = -1828*u - 9477. What is h(-5)?
-337
Let g(d) = -d**2 - 1329*d - 263900. What is g(-243)?
-2
Let a(m) = -7*m**2 - 34*m + 1024. Calculate a(-16).
-224
Let g(u) = -u**3 - 85*u**2 + 374*u - 112. Calculate g(4).
-40
Let w(y) = -146*y + 82756. Determine w(567).
-26
Let o(c) = c**2 + 3282*c - 96011. Give o(29).
8
Let l(p) = 26*p**2 + 133*p - 174. Give l(-10).
1096
Let t(w) = -43